(c) = -2*c + 26. Let i be a(12). Suppose -4*g + 2*g = 3*u - 206, -5*u - i*g + 350 = 0. What is the tens digit of u?
7
Let u(v) = 8*v - 5. Suppose 4*q = 14 + 14. Let b be u(q). Let p = -30 + b. What is the units digit of p?
1
Let v = -783 + -510. What is the tens digit of v/(-6) + 3 + 2/(-4)?
1
Let a(n) = -n**3 + 6*n**2 - 9*n - 6. Let y(r) = 2*r**3 - 6*r**2 + 10*r + 7. Let l(x) = 3*a(x) + 2*y(x). What is the units digit of l(-5)?
6
Let y be 2 - 3*16/12. Let s be (-2 + (-66)/4)*y. Suppose -110 = -5*l - 5*m, 3*m + 29 = 3*l - s. What is the tens digit of l?
2
Let t(l) = l**3 - 2*l**2 - 7*l - 15. What is the units digit of t(5)?
5
What is the tens digit of (3 - 0)*(-505)/(-15)?
0
Suppose 0 = -7*v + 3840 + 6380. What is the units digit of v?
0
Suppose -2*j - 3*z - 8 = 2*z, 2*j - 2*z + 22 = 0. Let y = j + 30. What is the tens digit of y?
2
Suppose 2*n - 5*t = 29, 3*n + 0*t = 2*t + 27. Let z be n/(7/12)*1. Suppose 34 = o + z. What is the units digit of o?
2
What is the units digit of 36/648 + 107889/54?
8
Suppose 412 - 2244 = -8*p. What is the tens digit of p?
2
Let d be 6/8 - 2607/(-12). Suppose 6*j = -5*a + 3*j + 271, 0 = -4*a - 3*j + d. Let f = 84 - a. What is the tens digit of f?
3
Suppose -3*w - 6 = -2*r, 3*r + 12 + 17 = -5*w. What is the units digit of 94 + -1 + (-16)/w?
7
Let z(k) = k**3 - 8*k**2 + 21*k - 46. What is the tens digit of z(10)?
6
Suppose -5*i - 1101 = -3*y - 5921, 4*y - 964 = -i. What is the hundreds digit of i?
9
What is the units digit of (2/6)/((-12)/(-23724))?
9
Let v(k) = 5*k**3 + k**2 - 1. Let y be v(1). Suppose y*a = a. Suppose a = -5*l + 3*t - 0*t + 21, t = -3*l + 21. What is the units digit of l?
6
Let t = 14 - 7. Suppose -t*a + 78 = -5*a. What is the units digit of a?
9
Suppose -12 = -4*p, 4*p + 873 = -5*c + 3165. What is the tens digit of c?
5
Suppose 5*p = 3*b + 3*p - 1178, -p + 797 = 2*b. What is the units digit of b?
6
Let r = 1362 - 902. What is the units digit of r?
0
Let o(y) = -y**3 + y**2 + y + 50. Let b be ((-5)/3)/(8/(-24)). Suppose -4*n = -b*i - 3*n + 2, 4*i - 2 = n. What is the tens digit of o(i)?
5
Let r = 17 - -36. Let b = r - -253. What is the tens digit of b?
0
Let t(s) = 5*s**2 + 7. Let p(a) = a**2 + 1. Let k(i) = -4*p(i) + t(i). Suppose f - 3 = -4*j, 5*f + 14 = j - 13. What is the tens digit of k(f)?
2
What is the tens digit of ((-17320)/(-12))/(6*3/27)?
6
Let k = -26 - -26. Suppose k = p - 2, -5*p = 5*l - p - 8. Let r = 14 + l. What is the tens digit of r?
1
Let j be (302/(-3))/((-12)/18). Let y = 275 - j. What is the units digit of y?
4
Let r = 549 - -617. What is the tens digit of r?
6
Let o(k) = k - 9. Let l be o(8). Let a = 2 - l. Suppose d + y - 39 = a*y, 20 = -5*y. What is the units digit of d?
1
Let r = 1 - 9. Let x = -6 - r. Suppose -2*l = x*v - v - 17, 17 = v + 5*l. What is the units digit of v?
7
What is the tens digit of (-18)/3 - -76*12?
0
Suppose 4*v + 46 = -2*o, -2*o - 2 = v + 5. What is the hundreds digit of ((-151)/6)/(v/78)?
1
Let y(n) = -n - 10. Let r(w) = -2*w - 11. Let f(u) = -2*r(u) + 3*y(u). Let m be f(9). Suppose -2*o + 11 = -m. What is the units digit of o?
6
What is the units digit of 24/64 + 7578/16 - 4?
0
Let b(g) = -257*g + 185. What is the thousands digit of b(-7)?
1
Let b(n) = 14*n**2 - n. Let j(t) = -t**3 + 15*t**2 - 1. Let k be j(15). What is the tens digit of b(k)?
1
Let k(p) = -8*p - 10. Let l(m) = -m. Let y(w) = k(w) - 6*l(w). Let b be y(-7). Suppose -2*q - 2 = b*v - 22, 3*v - 13 = -q. What is the units digit of v?
3
Suppose -5*z - 15 = 3*s - s, -4*z + 2*s = -6. Let d(g) = -62*g - 4. What is the units digit of d(z)?
8
Let o = -27 + 27. Let p(h) = -6*h + 34. What is the tens digit of p(o)?
3
Suppose 674 = 5*y - 546. What is the tens digit of y?
4
Suppose -1129 = -2*s - 5*m, 5*s - 1904 = 4*m + 836. What is the hundreds digit of s?
5
Suppose 2*t - 168 = -18. Let x = -4 + t. What is the tens digit of x?
7
Suppose 2*r + 6 = 2*w, -5*w - 4*r = -r + 1. Suppose 4*y + 3 + w = -2*m, -3*y + 2*m - 10 = 0. What is the units digit of 0 - ((-3 - 14) + y)?
9
Let u be (-4)/((12/(-16))/(-3)). What is the hundreds digit of (-5 - (-796)/u)/(3/(-8))?
1
What is the hundreds digit of 32/((-7)/364*-8)?
2
Let q = -35 - -26. Let g be (-2 - q/6)*0. Let f(v) = v + 14. What is the tens digit of f(g)?
1
Let n = 25 - 23. Suppose n*h + 3*g - 152 = -g, -h = -5*g - 111. What is the units digit of h?
6
Suppose -2*g = -2*w - 4, 2*g - 10 - 6 = -4*w. What is the hundreds digit of 5288/36 - w/(-18)?
1
Suppose -566 = -3*c - 5*t, -5*c + 10*t = 11*t - 980. What is the hundreds digit of c?
1
What is the tens digit of 3/(-3)*14*-70?
8
Let q(u) = -15 + 7 - 3*u + 9. Let k be q(-1). Suppose 5*x + 3*p - 101 = 0, -2*x = x + k*p - 65. What is the units digit of x?
9
What is the hundreds digit of (363/66)/(((-3)/46)/(-3))?
2
Let h = 6 - 4. Suppose h*a = -4*i + 82, 5*a + 0*i - 218 = 3*i. What is the units digit of a?
3
Suppose c = -5, -3*u - 4*u + 3*c + 19965 = 0. What is the units digit of u?
0
Let s(r) = 7*r + 108. Let n be s(-15). Suppose -a = 2*a. Suppose 0 = -n*m - m + 8, -2*x - 5*m + 20 = a. What is the units digit of x?
5
Let r = 1122 - 101. What is the tens digit of r?
2
Let y(l) = 61*l**2 + 5*l + 1. What is the tens digit of y(-4)?
5
Let t = 19 + -6. Suppose -t*m - 11 = -14*m. What is the tens digit of m?
1
Let z = -101 + 125. Let w = -1 - -3. Suppose 0*s - d - 21 = -w*s, -z = -4*s - 4*d. What is the units digit of s?
9
Let f(j) = j**2 + 4*j - 1. Let a(g) = -g - 1. Suppose -10 = -3*l - 2*l. Let q(w) = l*a(w) + f(w). What is the tens digit of q(-6)?
2
Suppose 0*l = 4*c + 5*l + 161, -2*c - 53 = -3*l. Let y = -61 - c. Let t = 79 + y. What is the units digit of t?
2
Suppose -7*d + 13*d = -24. What is the tens digit of 35 + 2 - (-1 - 0)*d?
3
Let h(v) = v**3 + 4*v**2 + 3. Let n be h(-4). Suppose g - 95 = -2*f, -2*g + 272 - 77 = n*f. What is the tens digit of g?
0
Suppose 5*q + 2 = -m - 10, -4*q - 4 = -2*m. What is the tens digit of m/(-4) + 690/20?
3
Let t(o) = -5*o + 243. What is the tens digit of t(9)?
9
Suppose -5*p = -25, 2*a + 2*a = 2*p + 1030. What is the units digit of a?
0
Suppose -2*r - k + 116 = -3*k, -2*r + 131 = k. Suppose 0 = -3*b + 3*p + r, -6*b = -4*b + 5*p - 70. Suppose -2*g = -b - 13. What is the units digit of g?
9
Let k(u) = u**2 - 27*u + 142. What is the units digit of k(36)?
6
Let v = -22 - -45. Suppose -v = -j - 3. What is the tens digit of ((-144)/(-20))/(3/j)?
4
Let b(o) be the second derivative of -13*o**3/6 + 3*o**2 - 281*o. Let x be (-4)/6 - (-13)/(-3). What is the units digit of b(x)?
1
Suppose 8*g = 10027 - 459. What is the tens digit of g?
9
Let m = 57 + 34. What is the tens digit of m?
9
Let r be (-1 - -9)/4 - -299. Let f = r - 211. Suppose -2*t + f = t. What is the units digit of t?
0
Suppose -216*h + 166*h = -119350. What is the thousands digit of h?
2
Let o = -2840 - -4962. What is the tens digit of o?
2
Let l be 0 - (1 - -10 - 4). Let c = 10 + l. Suppose -4*b = d - 261, -c*b - 6*d = -d - 183. What is the tens digit of b?
6
Suppose l - p = 7, 0 = 2*l + 2*p + 4 + 2. Suppose -5*u + 69 = 2*a, 2*a = -0*u + l*u + 90. What is the tens digit of a?
4
Suppose 0 = 2*b - 5 + 1. Let t(q) = -4 + 21*q - 33*q - 4 - q**b. What is the tens digit of t(-8)?
2
Let g be (5 - (-52)/(-10)) + 142/10. Suppose 0 = 9*z - g*z + 670. What is the hundreds digit of z?
1
Suppose -n + 4*c + 893 = 3*c, -c = 5. Suppose -2*w = w - n. What is the units digit of w?
6
Let z(f) = 11*f**2 - 159*f - 67. What is the tens digit of z(17)?
0
Let z(m) = -m**2 + 19*m - 36. Let k be z(15). What is the tens digit of (78/4)/(4/k)?
1
What is the units digit of (-1 - 281)*(-95)/38?
5
Let a(g) = -3*g**3 + 2*g**2 + 4*g + 2. Let j be a(-1). What is the units digit of 3 + 202*1 + (6 - j)?
8
Let y(m) = -2*m - 6. Let l(n) = -2*n - 5. Let x(t) = 5*l(t) - 6*y(t). What is the tens digit of x(0)?
1
Suppose 2*g + 26 = -32. Suppose 2*o = -0*o + 102. Let w = g + o. What is the units digit of w?
2
Let i(d) = d**2 - 6*d - 4. Let j be i(6). What is the units digit of j + 4 + 6/3?
2
Suppose -3*l + l + 2 = 0. Let a(y) = 3*y**2 + y**3 + 5 + 2*y**2 - l - 6*y. What is the units digit of a(-5)?
4
Suppose 3*u = 6*u + 4*c + 112, 4*c = u + 16. Let p = -28 - u. Suppose -225 = -p*h - 49. What is the tens digit of h?
4
Suppose 0 = n + 2 - 4. Suppose -n*s - 